47499?
4
What is the units digit of 7398719?
9
What is the hundred thousands digit of 462208?
4
What is the tens digit of 14000342?
4
What is the thousands digit of 1058528?
8
What is the millions digit of 8331520?
8
What is the hundreds digit of 499696?
6
What is the tens digit of 91390?
9
What is the thousands digit of 2327737?
7
What is the hundreds digit of 895267?
2
What is the units digit of 264570?
0
What is the ten thousands digit of 3260235?
6
What is the tens digit of 811755?
5
What is the tens digit of 396585?
8
What is the ten thousands digit of 692695?
9
What is the hundreds digit of 69005?
0
What is the thousands digit of 528730?
8
What is the hundreds digit of 271913?
9
What is the units digit of 300033?
3
What is the thousands digit of 193565?
3
What is the units digit of 11131410?
0
What is the units digit of 477546?
6
What is the tens digit of 1141022?
2
What is the units digit of 317756?
6
What is the tens digit of 71758?
5
What is the hundreds digit of 13300094?
0
What is the thousands digit of 67054?
7
What is the units digit of 3865648?
8
What is the units digit of 1193445?
5
What is the thousands digit of 9826525?
6
What is the thousands digit of 17950504?
0
What is the ten thousands digit of 29557864?
5
What is the hundreds digit of 468282?
2
What is the units digit of 14241988?
8
What is the hundreds digit of 627143?
1
What is the hundreds digit of 446205?
2
What is the ten thousands digit of 16720?
1
What is the hundreds digit of 28821?
8
What is the thousands digit of 9675833?
5
What is the hundreds digit of 6659438?
4
What is the tens digit of 1166370?
7
What is the hundreds digit of 2955565?
5
What is the thousands digit of 404188?
4
What is the ten thousands digit of 367025?
6
What is the tens digit of 410196?
9
What is the tens digit of 4999353?
5
What is the ten thousands digit of 914341?
1
What is the millions digit of 19648826?
9
What is the hundreds digit of 197440?
4
What is the tens digit of 7841983?
8
What is the hundreds digit of 24466194?
1
What is the units digit of 2454418?
8
What is the thousands digit of 4429314?
9
What is the tens digit of 11099375?
7
What is the hundred thousands digit of 377107?
3
What is the units digit of 1909272?
2
What is the tens digit of 352548?
4
What is the tens digit of 219674?
7
What is the ten thousands digit of 5444314?
4
What is the millions digit of 5106890?
5
What is the hundred thousands digit of 544745?
5
What is the tens digit of 385182?
8
What is the ten thousands digit of 43700?
4
What is the ten thousands digit of 13875135?
7
What is the tens digit of 7593960?
6
What is the ten thousands digit of 429922?
2
What is the tens digit of 11326495?
9
What is the thousands digit of 7178324?
8
What is the units digit of 172350?
0
What is the units digit of 7964781?
1
What is the tens digit of 5878526?
2
What is the hundreds digit of 1433763?
7
What is the thousands digit of 17975?
7
What is the units digit of 347923?
3
What is the ten thousands digit of 508728?
0
What is the tens digit of 517075?
7
What is the ten thousands digit of 513722?
1
What is the thousands digit of 5825145?
5
What is the hundred thousands digit of 7807717?
8
What is the hundreds digit of 9662207?
2
What is the millions digit of 1480543?
1
What is the tens digit of 5649?
4
What is the hundred thousands digit of 851196?
8
What is the thousands digit of 1487476?
7
What is the hundred thousands digit of 2646687?
6
What is the thousands digit of 9022?
9
What is the thousands digit of 169997?
9
What is the tens digit of 611364?
6
What is the hundreds digit of 1309152?
1
What is the hundreds digit of 36567?
5
What is the hundred thousands digit of 483687?
4
What is the hundred thousands digit of 179616?
1
What is the tens digit of 498241?
4
What is the hundreds digit of 1074368?
3
What is the units digit of 1798166?
6
What is the tens digit of 168333?
3
What is the units digit of 12367025?
5
What is the ten thousands digit of 807162?
0
What is the hundred thousands digit of 2991200?
9
What is the tens digit of 9066985?
8
What is the ten thousands digit of 9193771?
9
What is the hundreds digit of 254282?
2
What is the tens digit of 4644617?
1
What is the ten millions digit of 18038019?
1
What is the thousands digit of 3476421?
6
What is the units digit of 281041?
1
What is the units digit of 1681274?
4
What is the tens digit of 4732226?
2
What is the hundred thousands digit of 1676925?
6
What is the hundreds digit of 5151578?
5
What is the ten thousands digit of 4101649?
0
What is the ten thousands digit of 751438?
5
What is the tens digit of 11109402?
0
What is the ten millions digit of 11092888?
1
What is the ten thousands digit of 2008141?
0
What is the tens digit of 73806?
0
What is the thousands digit of 433568?
3
What is the millions digit of 5094907?
5
What is the thousands digit of 8168848?
8
What is the units digit of 15807766?
6
What is the units digit of 503006?
6
What is the thousands digit of 1809157?
9
What is the ten thousands digit of 52608?
5
What is the ten thousands digit of 5437360?
3
What is the hundred thousands digit of 4924012?
9
What is the thousands digit of 45075?
5
What is the ten thousands digit of 1401246?
0
What is the tens digit of 502384?
8
What is the hundred thousands digit of 387718?
3
What is the tens digit of 12300106?
0
What is the hundred thousands digit of 1034901?
0
What is the units digit of 1381574?
4
What is the millions digit of 13590115?
3
What is the hundreds digit of 5952568?
5
What is the hundred thousands digit of 166797?
1
What is the thousands digit of 14956179?
6
What is the thousands digit of 11676849?
6
What is the ten thousands digit of 6109748?
0
What is the tens digit of 8919135?
3
What is the hundreds digit of 1379278?
2
What is the tens digit of 802402?
0
What is the thousands digit of 245348?
5
What is the tens digit of 13208853?
5
What is the hundreds digit of 1072632?
6
What is the thousands digit of 295454?
5
What is the tens digit of 4702865?
6
What is the thousands digit of 791214?
1
What is the tens digit of 5152871?
7
What is the tens digit of 6066803?
0
What is the units digit of 845261?
1
What is the units digit of 160269?
9
What is the hundred thousands digit of 720918?
7
What is the ten thousands digit of 155494?
5
What is the hundreds digit of 9741458?
4
What is the units digit of 1527323?
3
What is the ten thousands digit of 512716?
1
What is the hundreds digit of 1242529?
5
What is the hundreds digit of 517410?
4
What is the hundreds digit of 127983?
9
What is the millions digit of 1750764?
1
What is the thousands digit of 279367?
9
What is the tens digit of 668904?
0
What is the thousands digit of 3680136?
0
What is the tens digit of 2326204?
0
What is the ten thousands digit of 11661651?
6
What is the tens digit of 1825928?
2
What is the ten thousands digit of 466258?
6
What is the units digit of 1150527?
7
What is the ten thousands digit of 5766100?
6
What is the units digit of 242926?
6
What is the hundred thousands digit of 319597?
3
What is the hundred thousands digit of 515238?
5
What is the hundreds digit of 4600203?
2
What is the hundred thousands digit of 2430274?
4
What is the thousands digit of 1118981?
8
What is the hundred thousands digit of 10711679?
7
What is the ten thousands digit of 14544836?
4
What is the tens digit of 344505?
0
What is the ten thousands digit of 7306926?
0
What is the ten thousands digit of 472600?
7
What is the thousands digit of 90303?
0
What is the ten thousands digit of 38002?
3
What is the units digit of 969507?
7
What is the thousands digit of 6774558?
4
What is the ten thousands digit of 2425671?
2
What is the ten thousands digit of 163541?
6
What is the thousands digit of 619394?
9
What is the units digit of 216822?
2
What is the hundred thousands digit of 890595?
8
What is the millions digit of 19181889?
9
What is the thousands digit of 781744?
1
What is the tens digit of 1226188?
8
What is the tens digit of 687627?
2
What is the units digit of 156744?
4
What is the units digit of 2537387?
7
What is the millions digit of 1567600?
1
What is the ten thousands digit of 1817612?
1
What is the hundred thousands digit of 3538801?
5
What is the ten thousands digit of 11472204?
7
What